= -t**2 - 57*t - 254. Suppose 5*p = g - 21, 0 = -5*g - 19 - 1. Determine l(p).
6
Suppose -108 = -14*n - 38. Suppose 372 = 36*y - n*y. Let x(m) = -m**2 + 15*m - 23. Give x(y).
13
Let i(w) be the first derivative of w**3/3 - 15*w**2/2 + 10*w - 2628. What is i(11)?
-34
Let k(o) = o**2 - 5*o + 9. Let c be 18/12 + (4 - (-15)/(-6)). Let z be k(c). Let m(p) = -p**3 + 3*p**2 + 4*p - 3. Give m(z).
9
Let z = 51 - -103. Let l = -149 + z. Let y(h) = -h**3 + 4*h**2 + 4*h + 2. Calculate y(l).
-3
Let t be 2/(-3)*(-270)/(-10). Let m be 16/(-72) + (1 - 22/t). Let k(h) = 65 - 57 - m*h + 3*h. Determine k(-5).
3
Let t(k) = 15*k + 159. Let f(g) = -74*g - 799. Let l(j) = 2*f(j) + 11*t(j). Determine l(-9).
-2
Suppose 13*u + 26 - 6 = -58. Let v(m) = -14*m - 30. Determine v(u).
54
Let n(k) = 26*k + 2 - k**2 + 24*k - 57*k. Suppose 0 = -47*y + 49*y - 16. Suppose y*w = -23 - 33. Determine n(w).
2
Let o(u) = u**2 + 7*u + 42. Suppose -15*p - 24 - 66 = -0. Give o(p).
36
Let j be (26/(-260) + 1/2)*5. Let i(y) be the second derivative of 0 - 6*y + 0*y**j - 1/6*y**3 + 7/12*y**4. What is i(-1)?
8
Let q(r) be the second derivative of -83*r**3/6 - 581*r**2/2 + 10*r - 8. What is q(-7)?
0
Let r(k) = k**2 - 3*k + 1. Suppose 8 = -3*z + 20. Suppose m = -z*m, m = -4*h + 24. Let q be (2/h)/((-2)/6) - -6. What is r(q)?
11
Let m(i) = i**3 - 42*i**2 + 78*i + 83. Let h(c) = -12*c**2 + 151*c - 44. Let w be h(12). Calculate m(w).
3
Let x(q) = -2*q + 21. Let o(w) = -7 + 5 + 5 + 19 + w - 3*w. Let n(i) = 5*o(i) - 6*x(i). Determine n(6).
-4
Let t(a) = -69*a + 13. Let d(n) = 93*n - 13. Let y(s) = 2*d(s) + 3*t(s). Determine y(1).
-8
Let q be (6/12)/(3/(-18)). Let d(l) be the third derivative of -1/3*l**3 + 1/8*l**4 + 0*l - 20*l**2 + 0 - 1/120*l**6 - 1/20*l**5. What is d(q)?
-11
Let u(n) = 71*n**3 + 101*n**2 + 16*n - 229. Let x(t) = -13*t**3 - 20*t**2 - 3*t + 46. Let g(f) = 2*u(f) + 11*x(f). Calculate g(-18).
66
Let a be (-6)/(-27) - 168/27. Let f(o) = -9*o + 7. Let v(u) = -u**2 - 5*u + 17. Let b be v(-8). Let y(s) = -8*s + 7. Let c(i) = b*y(i) + 6*f(i). What is c(a)?
-19
Let b = 1 + -1. Let z(k) = 242*k**3 + k**2 - 13 - 86*k**3 - 155*k**3. What is z(b)?
-13
Let g be 6/(-20) + (-3381)/230. Let x(o) = -24*o - 357. Calculate x(g).
3
Let j(r) = 3 + r**2 + 1729187*r - 1729190*r - 4. Let m(o) be the first derivative of o**3/3 + o**2/2 + o + 2. Let n be m(-2). Calculate j(n).
-1
Let v(s) = -5*s + 37. Let x(p) = -4*p + 48. Let i(r) = -6*v(r) + 5*x(r). Determine i(-11).
-92
Suppose -5*d = 3*o - 26, 2*o - 4*d + 16 = d. Let j(v) be the second derivative of -5*v**3/6 + 2*v**2 - 1199*v. Give j(o).
-6
Let m(w) = w**3 - w**2 - w. Let p be 54/81 - (-3)/9. Let a = 0 - 1. Let v(d) = 2*d**3 - 7*d**2 - 10*d + 3. Let g(o) = a*v(o) + p*m(o). Calculate g(7).
11
Let w(z) = -2 + 8*z**3 - 2*z**3 + 2*z - 7*z**3 - 3*z**2. Let b = 68 - 68. Suppose -13*l + 7*l - 24 = b. Give w(l).
6
Let l(i) be the first derivative of i**4/12 - 5*i**3/3 + 6*i**2 + 46*i + 70. Let c(x) be the first derivative of l(x). Determine c(8).
-4
Let u(s) = 22*s**3 - 48*s**2 + 5*s - 34. Let z(t) = 12*t**3 - 26*t**2 + 2*t - 17. Let w(x) = -5*u(x) + 9*z(x). Calculate w(3).
-4
Let w(m) be the second derivative of 8*m**3/3 + m**2/2 - 14*m + 2. Let q be 3 + 24/(-10) - 10/(-25). Give w(q).
17
Let c be -4 + (-6 - -5 - 4) + 10. Let j(n) = -17*n**2 - n + 3. Give j(c).
-15
Let i(a) = 2*a**3 + a**2 - 20. Let w = 888 - 888. Calculate i(w).
-20
Let n(y) be the first derivative of -2*y**3/3 + 3*y**2/2 - 3*y - 1. Let b be ((-531)/(-354))/((-2)/(-4)). Calculate n(b).
-12
Let h(f) = -4*f + 17. Let d(q) = -8*q + 35. Let g(u) = -2*d(u) + 5*h(u). Let r be g(6). Let w(l) = -l**2 - 9*l + 13. Determine w(r).
13
Let k = 18 - 3. Suppose 15 = -5*u - k. Let a(q) = 2*q + 14. Let l be a(u). Let r(s) = 3*s**3 - 3*s**2 + 2*s. What is r(l)?
16
Suppose 0 = 457*s + 337 + 120. Let h(w) = 14*w**3 + w**2 + w. Determine h(s).
-14
Let s(a) = 17*a**2 - a. Let d be -15*(-9)/135*1. Calculate s(d).
16
Suppose 25*y - 226 = 99. Let n(k) = k**3 - 14*k**2 + 16*k - 38. Calculate n(y).
1
Let y be ((-4)/8)/((-40)/160). Let k(h) be the third derivative of -h**6/120 + h**4/24 - h**3/3 + 2*h**2. Calculate k(y).
-8
Suppose -70*w = -69*w - 2*d - 19, 9 = -w - 5*d. Let o(m) = -2*m + 26 + 0*m - m. Determine o(w).
-7
Let l be -3*(-2)/(-3)*5. Let a(f) be the second derivative of 4/3*f**3 + 0 + 76*f + 1/12*f**4 - 5*f**2. Determine a(l).
10
Let c(r) = -19*r**3 - 2*r**2 - 3*r + 3. Let t be c(-2). Let p = -154 + t. Let d(x) = 6*x. Give d(p).
-6
Let x(f) be the third derivative of -f**6/120 + 3*f**5/10 - f**4/8 + 29*f**3/6 + 3502*f**2. What is x(18)?
-25
Let o(w) be the third derivative of w**5/30 + 19*w**4/24 + 26*w**3/3 + 1342*w**2. Give o(-4).
8
Let t(n) = 2*n - 4. Let g(i) = i - 1. Let f(q) = -17*g(q) + 6*t(q). Suppose 899*d = 913*d + 42. Calculate f(d).
8
Let q(o) = -o + 16. Suppose -34*d - 21 + 769 = 0. What is q(d)?
-6
Let b(y) = y + 89. Let v be b(-62). Let c(w) = w - 24. Calculate c(v).
3
Let s be ((-9)/6 + 2)*6. Suppose 4*v + 4*l = 36, l - 21 = -2*v - s. Let u(y) be the first derivative of y**2/2 - 7*y - 19887. Give u(v).
2
Suppose 0 = 4*z - l - 45, 0 = -53*l + 49*l - 20. Let s(y) = y**2 - 2*y - 17. Give s(z).
63
Let a(b) = -b**2 - 17*b - 42. Suppose -23 = l - 3*w, l + 27 = -2*w + 14. Determine a(l).
-42
Let s(b) = 3*b - 8. Suppose -10*u = -5*u + 20. Let i(g) be the second derivative of -2*g**3/3 + 9*g**2/2 + 19*g. Let y(o) = u*i(o) - 5*s(o). Give y(-3).
1
Let q(c) be the third derivative of 9*c**4/4 + 4*c**3/3 - 2*c**2 + 1245*c. What is q(1)?
62
Let w(z) be the third derivative of -z**4/24 + 206*z**2. Let j = 2 + -1. Let s = 1 + j. Calculate w(s).
-2
Let i = -2 - -11. Let w(g) = 9*g + 4*g - 115*g**2 + 17 + 55*g**2 + 59*g**2 - 7*g. Determine w(i).
-10
Let m(y) = -2*y**2 - 2*y - 6. Let j = -2532 - -2537. What is m(j)?
-66
Suppose 102*p - 98*p = -5*w - 2, 4*p - 3*w = -18. Let g(n) = 2 + 3*n + 0*n + 0*n. Determine g(p).
-7
Let l = 64 - 60. Suppose -l - 8 = 4*z. Let q be z/((-18)/4) + (-143)/(-33). Let p(h) = -2*h + 2. Calculate p(q).
-8
Let u(g) be the first derivative of -g**4/4 - 13*g**3/3 - 4*g**2 + 36*g - 5932. What is u(-12)?
-12
Suppose 102*t = -6*t + 7*t + 101. Let w(m) = -m**2 - m + 5*m**3 + m. Give w(t).
4
Let v(q) = q**3 - 4*q**2 - 5*q + 3. Suppose 0 = r - 4*r. Let h(b) be the first derivative of 2*b**3/3 - 2*b**2 + 5*b - 4718. Let s be h(r). What is v(s)?
3
Let x(n) = -n**3 - 3*n**2 + 4*n + 6. Suppose -34 - 74 = -4*m. Suppose -m = -2*a + 11*a. Let f be a/((27/4)/9). What is x(f)?
6
Let y(f) = 32*f - 68 + 21 + 19 + 13 + 9. Calculate y(-2).
-70
Suppose 2395 = 204*w - 2354 + 1077. Let h(v) = -v**2 + 22*v - 79. Determine h(w).
-7
Let k(l) = l**2 + l + 3. Let v(z) be the third derivative of -z**5/60 + z**4/24 - z**3/3 - 138*z**2. Let r be v(2). What is k(r)?
15
Let t(i) = i - 1. Let v(c) = -c**3 - 16*c**2 - 14*c + 17. Let y be v(-15). Let o be ((-44)/(-8) + -5)*(-4)/y. Let d be (o/(-3))/(1/(-12)). What is t(d)?
-5
Let o(p) = -7*p + 4*p - 5*p + 173 - 178 - 3*p. Give o(1).
-16
Let p(i) = -i**3 - i**2 + 2*i + 2. Let s = 945 + -946. Determine p(s).
0
Let d(z) = 4*z - 1. Let r(i) = 4 - 12 + 4 + 8*i + 5*i - i**3 + 4*i**2. Let k be r(6). Calculate d(k).
7
Let s be (-20)/(-15)*(-3)/2. Let n(y) = -7*y - 2. Let c(x) = 22*x + 4. Let o(k) = -c(k) - 3*n(k). Determine o(s).
4
Let n = -19510 + 19500. Let i(c) = c**2 + 33*c + 223. Calculate i(n).
-7
Let t be (-6)/(-20) - (-2183)/590. Let d(b) be the first derivative of -3*b**2/2 + 8*b + 10. Determine d(t).
-4
Let b(l) be the third derivative of -l**5/60 - l**4/6 + 2*l**2 + 52*l. What is b(-6)?
-12
Suppose -5*b - 126 = -36. Suppose -8*k + 199 - 23 = 0. Let w = k + b. Let n(u) = -u**3 + 4*u**2 + u + 1. Give n(w).
5
Suppose 86*x = 49*x + 333. Let c(u) = -3 - 233*u**3 + x*u**2 + 11*u + 3 + 0 + 234*u**3 - 7. What is c(-8)?
-31
Let t = -7/853 - -993/17060. Let v(z) be the second derivative of 0 - t*z**5 + 17*z + 0*z**2 - 1/3*z**4 - 1/3*z**3. What is v(-4)?
8
Suppose 0 = 5*r + 2*j - 49, -5*r + 3*j - 17 + 31 = 0. Let b(c) = -c**2 + 19*c - 15. Determine b(r).
69
Let t(n) = -n**3 - 4*n**2 - 3*n - 5. Suppose -11*a + 9 = -2*a. Suppose 4*y - 15 = a. Suppose 0 = -4*d - y - 12. Give t(d).
7
Let x(y) = y**3 - 4*y**2 - 6*y + 4. Let c(g) = -35*g**2 - g - 1. Let k be c(-1). Let w be (-1